ber?
True
Let m(o) = o**2 + 4*o + 2. Let p be m(-3). Let v be p*2 + 0 + 5. Suppose 4*u - 3*a = a + 144, 3*u = -v*a + 114. Is u a composite number?
False
Let s be 43/(-5) - (-8)/(-20). Suppose -4*x + 0*x = -80. Let h = x + s. Is h a prime number?
True
Let a(l) be the first derivative of l**2 - 3. Let q be a(-2). Is 14/16*-82*q a prime number?
False
Let p(j) = -5 - 4*j - j + 3*j**2 + 2*j. Is p(-8) composite?
False
Is 3333/21 - 4/(-14) composite?
True
Suppose -t + 437 = -g - 2*g, 4*g + 1740 = 4*t. Is (t/(-28))/(1/(-10)) a prime number?
False
Suppose -2*i + 11 = -69. Suppose q - 91 = -2*b, 4*q + 5*b - 211 - 156 = 0. Suppose p - q = -i. Is p a prime number?
True
Let i(z) = -6*z**3 + 5*z + 6. Let o be i(-4). Is (4/8)/(1/o) a prime number?
False
Suppose -20 = -3*g - 5. Suppose -5*o - 65 = -g*x, -3*o = -5*x + 30 + 39. Is x composite?
True
Suppose 0 = -0*t + 5*t - 25. Suppose -3*z + 2*z + t*n = -97, -4*z = -2*n - 316. Is z prime?
False
Suppose 4*s - 12 = -0. Suppose -276 = -s*r - r. Is r a prime number?
False
Suppose 5*c + 0*c - 345 = 0. Is c a prime number?
False
Let z(u) = u**3 - 6*u**2 - 7*u + 7. Let k be 8/28 - (-19)/7. Suppose 6*i - k*i - 21 = 0. Is z(i) a composite number?
False
Let g(h) = 125*h + 2. Let x be (2 - -2) + 1 + -4. Is g(x) a composite number?
False
Suppose p - 26 = 61. Is p a composite number?
True
Let k(p) = p - 1. Let y be k(3). Let i be 1*y/1*2. Is ((-6)/i)/(15/(-100)) prime?
False
Let d = 2 + -2. Let j(s) be the second derivative of s**5/20 - s**4/12 + s**3/6 + 21*s**2/2 + 3*s. Is j(d) a prime number?
False
Let p = 263 + -100. Is p prime?
True
Let u = -571 + 2520. Is u composite?
False
Let k(n) = -13*n + 1. Let f = -3 + 6. Suppose 3 = f*u + 3*a, -u + 5 = -0*u + 3*a. Is k(u) a prime number?
False
Let o be (-2 - 1) + 2 - 1. Let g = -1 - o. Is (47 - g)*(-6)/(-12) a composite number?
False
Suppose 3*c = 4*q - 2415, -132 = -2*q + 2*c + 1076. Let f = -418 + q. Is f prime?
False
Suppose -7*h + 36 = -3*h. Let i(y) = -y**3 + 10*y**2 - 7*y - 5. Is i(h) a prime number?
True
Suppose -5*z = -z - 12, 391 = 2*g + 3*z. Is g a prime number?
True
Let j(r) = r + 7. Let t be j(-7). Let u = 7 + t. Suppose 4*w - u*w = -195. Is w a prime number?
False
Let c = 18 + -10. Is 34 - (2 - c - -3) a composite number?
False
Suppose 0 = -x + 4*a + 74, 0 = 2*x + 2*a - 8 - 140. Is x a composite number?
True
Suppose 5*j - 1192 - 328 = 0. Suppose p = -2, 4*y = -0*p + 2*p - j. Let t = y - -172. Is t composite?
True
Let x = -20 + 13. Let c be -1*(-2 - 15/(-3)). Is x/((3/1)/c) prime?
True
Let x(n) = -7*n - 5. Let z be x(-5). Is z/(-12)*236/(-10) a composite number?
False
Let n be (0/(3/(-3)))/(-1). Suppose -5*p + 2 + 18 = n. Is p/(-8)*(-356)/2 a prime number?
True
Let g = -54 + 137. Is g a prime number?
True
Let h(y) = y**2 - 6*y + 80. Let w(m) = -m**2 + 5*m - 81. Let r(j) = -4*h(j) - 5*w(j). Let k be (-2 - (-1 - -2)) + 3. Is r(k) a composite number?
True
Let s be (24/2)/((-8)/(-4)). Suppose 0 = 2*u - s*u + 24. Is u prime?
False
Suppose -z + 2 + 3 = 0. Suppose 5*u - 213 + 38 = -z*m, 140 = 4*u - m. Is u a composite number?
True
Let l be (68/(-5))/(3/(-15)). Suppose 0*b - l = 2*b. Let a = b - -53. Is a composite?
False
Let p(w) = -2 + 2*w**2 - 1 + w + w. Suppose 5*j + 50 = -5*d, 0*j = -d - 4*j - 25. Is p(d) prime?
True
Suppose 4 = -4*j - 20. Let o(a) be the second derivative of -a**3/2 + a**2/2 + 5*a. Is o(j) composite?
False
Let p(q) be the third derivative of q**4/4 - q**3/6 - 3*q**2. Let k be p(6). Let o = k - -110. Is o a prime number?
False
Suppose -8*o + 933 = 2*p - 3*o, -4*p = 3*o - 1873. Is p a composite number?
True
Suppose d = 3*w - 2, -8 = -5*w + 5*d + 2. Let x be (-2 + w)*(-6)/(-12). Is (-2)/(x + (-105)/(-111)) composite?
False
Suppose 0 = 2*w + q + 321, 0*w - 3*w - 5*q = 492. Is (-8)/(-12)*w/(-2) prime?
True
Let o = -13 - -8. Let d(v) = v**3 + 4*v**2 - 6*v + 1. Is d(o) prime?
False
Let v(s) = 52*s**3 + 2*s**2 - 1. Suppose -2*t = -4*u - 2, t + 2*u + 0 = 1. Is v(t) composite?
False
Let t(f) = 2*f**3 + 3*f**2 - 6*f - 2. Is t(5) composite?
False
Suppose -5*s + 312 = -0*z - 3*z, s - 2*z = 68. Suppose -s = -d - 14. Suppose 5*x + 3*q - d = 0, -3*q = 3*x - 38 + 14. Is x composite?
False
Is 8352 + (-4)/6*(-24)/16 composite?
False
Let c(r) = 67*r**2 - 3*r - 7. Let b(u) = -33*u**2 + u + 3. Let m(s) = 7*b(s) + 4*c(s). Is m(-3) composite?
True
Let x = 5265 - 2806. Is x a composite number?
False
Let a(c) = -c**3 - c**2 + 10. Let h be a(0). Let l = -19 + h. Let t = -6 - l. Is t a prime number?
True
Let q(s) = -s**2 - 14*s - 8. Let r be q(-14). Let d = r + 15. Is d a prime number?
True
Is 4/7 + 195507/91 composite?
True
Suppose -j = -4*k + 5, -3*j + 4*k - 2*k = -5. Suppose j*l + 7*c = 3*c + 26, -c + 9 = l. Suppose 0 = -3*b + l + 11. Is b prime?
True
Let p be 3/(-2)*(-6)/9. Let y(c) = 61*c + 1. Is y(p) composite?
True
Suppose 4*j + b - 1639 = -j, 3*b = 12. Is j composite?
True
Suppose 2*z = 2*u - 26, -2*u = -z + 3*u - 17. Let r be 2 - 4/(z/39). Let a = r - 9. Is a a composite number?
True
Is 1*-719*((-2)/1 + 1) prime?
True
Let x = 1036 - 1664. Is (x/6)/((-12)/18) composite?
False
Let o(z) be the third derivative of 37*z**6/120 + z**5/60 - z**3/6 + z**2. Suppose 2*u = 3 - 1. Is o(u) prime?
True
Let x = 155 - 96. Is x composite?
False
Suppose -3*b + 5*b + 5*q = 26, -2*b + 18 = 3*q. Is b/9 - 1108/(-6) a prime number?
False
Let p = -1 + -3. Let o(u) = -145*u + 7. Is o(p) a prime number?
True
Is (23*2)/((-8)/(-20)) a prime number?
False
Let z = -10 + 14. Suppose 177 = 5*q - z*h, 4*q + 0*h = 2*h + 144. Is q prime?
True
Let m(c) = -27*c - 3. Let o be m(-3). Suppose -566 = -4*h + o. Is h prime?
False
Suppose 2*g + 106 = 3*g - 5*b, g + b = 100. Let m = 154 - g. Is m prime?
True
Suppose 0 = -4*j - 2*j + 114. Is j prime?
True
Suppose -2*n - 16 + 184 = 0. Suppose a = -3*a + n. Is a a prime number?
False
Let v(f) = 7*f**2 - 5*f - 5. Let t be v(-6). Suppose -4 = 4*g, 2*g + t = 5*z - 0*g. Is z composite?
True
Suppose -c + 3*m + 25 = 0, -2*c + 4*m + 33 + 7 = 0. Is 4905/c - (-2)/4 prime?
True
Suppose -2*u + 3 - 1 = 0. Let v be u/(-1*(-3)/225). Is v/12 - 12/(-16) prime?
True
Suppose 5*n + g = -2, -g = -0*n + n - 2. Is 2177/14 - n/(-2) a prime number?
False
Let v = 7 + -3. Let w(b) = 5 - 2*b + 5*b**2 - 2*b - b. Is w(v) prime?
False
Let l(i) be the third derivative of -i**4/12 + i**3 - 2*i**2. Let h be l(-6). Suppose 4*a - 44 = 3*n + 35, -a - n = -h. Is a a prime number?
True
Let o = -15 - -31. Let g(d) = 41*d - 12. Let y be g(10). Is y/8 - 12/o a composite number?
True
Let t(d) = d**2 + 10. Is t(-7) a composite number?
False
Let j be -3*5/3*1. Let i = -5 - j. Suppose i = -b + 13. Is b a composite number?
False
Let y(m) = m**2 + m - 10. Let b be y(7). Suppose 4*k = b - 10. Is k a prime number?
False
Let s(n) = -2*n - 3. Let a be s(-3). Suppose 0*c - a*c + 363 = 0. Is c composite?
True
Suppose -c = 3*t - t - 3, -t = -5*c + 15. Is (-7 + 96)/(t - -1) a composite number?
False
Suppose 0*o + 56 = -4*o. Let f(l) = l**3 + 15*l**2 + 5*l + 1. Is f(o) prime?
True
Let d be 288/56 - 2/14. Suppose s - 2*s + 135 = 2*t, 3*t - d*s = 196. Is t a prime number?
True
Let h(i) be the first derivative of -i**5/60 + 5*i**4/8 - 7*i**3/6 + 2*i**2 + 1. Let v(x) be the second derivative of h(x). Is v(6) composite?
False
Let j(c) = 2*c + 2*c**2 + 2*c + 3 - 1 - 7*c**3. Is j(-2) a composite number?
True
Let a = 77 - 55. Let t = -10 - 3. Let r = a - t. Is r a composite number?
True
Let d(l) be the second derivative of 1/2*l**2 - l**3 + 2*l + 0. Is d(-2) composite?
False
Suppose 2*c + 3 - 7 = 0. Suppose -c*q + 0*q + 254 = 0. Is q a composite number?
False
Let d(z) be the third derivative of 3/8*z**4 + 0*z + 0 + 2*z**2 + 1/3*z**3 + 1/30*z**5. Is d(-7) prime?
True
Suppose -2*p + 276 = 2*p. Is p/2*4/6 prime?
True
Suppose -3328 + 572 = -4*v. Is v a prime number?
False
Suppose 6*u - 3653 + 455 = 0. Is u composite?
True
Suppose 2*s + 32 = 4*s. Suppose 0 = -0*g - 4*g + 12. Suppose -5 = -g*l + s. Is l a prime number?
True
Let z(j) = -75*j + 3 + 6 - 37*j. Is z(-8) composite?
True
Let n be -1*(2 - 15/3). Let s(f) = 10*f**2 + 3. Is s(n) composite?
True
Suppose 4*l + 8 = 0, 289 - 926 = -3*y + 5*l. Is y a composite number?
True
Suppose 56 = -3*f + 296. Suppose 0 = v + 2*z - 45, -2*v + 5*z = -v - f. Is v a prime number?
False
Suppose 